ommon divisor of l and 96?
12
Suppose 2*f = -q - 18, 0 = 3*q - 5*q - 5*f - 36. Suppose 0*o = 2*o + 42. Let x = q - o. What is the highest common factor of x and 15?
3
Let i(v) = -16*v**2 + 1. Let r be i(3). Let l = 251 + r. What is the highest common divisor of 72 and l?
36
Let n = -178 + 290. Calculate the highest common factor of n and 7.
7
Let q = 2 + 22. Suppose 2*c + 2*o + o - 1 = 0, 2*c - 2 = -4*o. Let d be 196 + c + 12/(-4). What is the greatest common divisor of d and q?
24
Let w = -15 - -23. Suppose 0 = -3*j + w*j - 700. Suppose -3*z - 2*z + j = 0. Calculate the greatest common factor of z and 4.
4
Let v be (-3)/((-36)/8)*99. Suppose -11*t + 9*t = -v. Calculate the highest common divisor of t and 55.
11
Suppose 400 + 2552 = 4*x + 4*u, 0 = -3*x - 5*u + 2218. Calculate the greatest common factor of 46 and x.
46
Let b(g) = -90*g - 7. Let h be b(-1). What is the highest common divisor of 581 and h?
83
Let q be (1*-1)/(2/(-20)). Let d = 1033 + -983. Calculate the greatest common divisor of d and q.
10
Let w = -86 + 320. What is the highest common factor of 26 and w?
26
Let p(q) = -19*q + 5. Suppose 0 = -2*l + 2*x - 4*x + 2, -3 = 3*x. Let r be p(l). Let z = r - -52. Calculate the highest common divisor of 95 and z.
19
Suppose 6*f + 47 + 1 = 0. Let y be 1/(-4) - 482/f. Let t be y/(-8)*(0 - 2). Calculate the highest common divisor of 15 and t.
15
Suppose -9*n - 3*n + 9240 = 0. Calculate the highest common factor of 140 and n.
70
Let x(z) = -2*z + 9. Let v be x(0). Let k(t) = -t + 10. Let n be k(v). What is the greatest common factor of n and 11?
1
Let k be ((-60)/32)/(6/(-4))*-44. Let q = 62 - k. Calculate the greatest common divisor of q and 13.
13
Let q = 581 + -406. What is the greatest common divisor of q and 280?
35
Suppose 4*v - 5*j = -0*j + 26, j = -5*v + 18. Let b be (v/(-10))/((-9)/180). Let d(z) = 9*z + 16. Let q be d(8). What is the greatest common factor of q and b?
8
Let k = -8881 + 8896. Let w be 37*2 - (-2)/2. What is the highest common factor of w and k?
15
Suppose -23*l = -u - 24*l + 13, 4*u - 2*l - 82 = 0. Let k(q) = 54*q**2 - q + 1. Let h be k(1). Calculate the highest common divisor of h and u.
18
Let v = -231 + 852. Calculate the greatest common factor of 69 and v.
69
Let z = -7 + 10. Let o be 6 - 1 - (z + -1). Let b be o/3 + 175 + 0. Calculate the greatest common divisor of 16 and b.
16
Let d be (-16 + 1 - 0)/((-30)/210). Let w = -56 - -103. Let r = -32 + w. Calculate the highest common factor of r and d.
15
Let x be (-8 - -5)*1/1. Let y = x - -5. Suppose 3 = y*i - 33. What is the greatest common factor of 162 and i?
18
Suppose 0 = 4*a - 66 - 14. Suppose 4*c - a = -8. Let b = 4 - c. What is the greatest common factor of 8 and b?
1
Let k = -208 - -326. What is the highest common divisor of 6 and k?
2
Let h(g) = g - 5. Let p be h(9). Suppose -3*f = -p*z - 25, -3*f - 3*z - 9 = -2*f. Suppose -504 = -f*v - v. What is the greatest common factor of 14 and v?
14
Suppose 3*t = q - 10, -6 = 10*q - 5*q - t. Let w(l) = l**3 - l**2 - 3*l + 1. Let y be w(-3). Let b = q - y. Calculate the greatest common factor of b and 96.
24
Let i = -616 + 1155. Calculate the greatest common factor of i and 11.
11
Let b = -2 + 4. Let t be ((-2)/6)/(b/(-24)). Suppose 0 = -h + 3*h + 2, 0 = -t*d + 2*h + 142. What is the highest common divisor of 5 and d?
5
Suppose 6*u - 25 = 53. Suppose 10*j = u*j - 195. Calculate the highest common divisor of j and 5.
5
Let o(p) = 5*p - 26. Let y be o(6). Suppose -4*s + 2*h + 96 = h, 0 = -y*s - 4*h + 116. What is the greatest common divisor of s and 275?
25
Let x be ((-20)/4 - -7)/(-1). Let v be 4 + x + 1 + 4 + 33. What is the greatest common factor of 32 and v?
8
Let l be 0 - (1 - (9 + 0)). Suppose -67 = -2*p - 35. Calculate the highest common divisor of p and l.
8
Let n be (4 - 3)/(2/6). Suppose n*h = h + 342. What is the greatest common factor of 19 and h?
19
Suppose -3 = 8*q - 5*q. Let u(k) = -k**2 - k. Let o be u(q). Suppose 0 = -n - o*n + 24. What is the greatest common divisor of 3 and n?
3
Suppose -5*q = 5*g - 305, 6*g = 2*g - 5*q + 243. What is the highest common factor of g and 2542?
62
Let y(q) = q**3 + 3*q**2 - 3*q + 3. Let o be y(-3). Let s be o - (1 + -3 + -1). What is the highest common factor of 120 and s?
15
Let u = -54 + 71. Let y = 20 + -3. Calculate the greatest common factor of y and u.
17
Let b = 11 + -15. Let s be (-75)/27 + b/18. Let f(p) = -p + 1. Let l be f(s). Calculate the greatest common factor of l and 10.
2
Suppose 4*r - 2*i - 50 = 0, 3*r + 2*i - 38 = 4*i. What is the greatest common divisor of 66 and r?
6
Let l = 814 + -756. Calculate the highest common factor of 1856 and l.
58
Suppose 6*l + 19*l + 14*l - 3120 = 0. Suppose -v = 2 - 5. Suppose -i + 0*i + 35 = -5*z, -2*i + v*z + 35 = 0. Calculate the highest common factor of i and l.
10
Let m be -1*(-1*11 + 1). Let d(u) = -22*u + 5. Let f(y) = 21*y - 5. Let i(k) = 2*d(k) + 3*f(k). Let x be i(5). What is the highest common divisor of x and m?
10
Suppose 53*g - 48*g - 5*a = 1070, a = -g + 218. Suppose -2*n - 45 = 35. Let h = -16 - n. What is the highest common divisor of h and g?
24
Suppose 5*o = 11 + 64. Suppose -i = 4*i - o. Suppose -3*m + 3 = -2*p, 2*m - i = -m + 3*p. What is the highest common divisor of m and 1?
1
Let t(z) = -34*z + 4. Let y be t(-2). Let s be 4 - 4 - y/4. Let p be s/(-5)*50/30. What is the highest common divisor of p and 9?
3
Let t = -51 + 81. Let j(g) = 5*g + 132. Let l be j(0). Suppose -l = -5*q + 93. Calculate the greatest common divisor of q and t.
15
Let m(w) = w**3 + 9*w**2 + 8*w - 2. Let g be m(-7). Let u be 2*g/((-15)/(-3)). What is the highest common divisor of u and 144?
16
Suppose -3*j = 1 - 7. Suppose 8 = w + 5*n - 3*n, -w = -2*n. Calculate the highest common divisor of j and w.
2
Let h = 4 - -30. Let s = h - 25. What is the highest common divisor of s and 63?
9
Let c = 359 + -311. What is the greatest common factor of 6 and c?
6
Suppose -7*g = -6*g - 192. Calculate the highest common factor of 64 and g.
64
Suppose 3*j + 4*d = 446, -4*j - 5*d = -6*d - 601. What is the highest common factor of j and 30?
30
Let y be (8/6 + 3/(-9))*2. Suppose -y*z = z - 9, -2*q - 4*z = -192. Suppose 0 = -5*b + 2*b + 108. What is the greatest common factor of q and b?
18
Let f = -418 - -503. Let p(g) = g**2 + 3*g + 7. Let h be p(-5). Calculate the highest common divisor of h and f.
17
Let t be (-6)/(-10) - (-4968)/120. Calculate the highest common divisor of t and 70.
14
Suppose -4*m - 27 + 47 = 0. Suppose -6*a = -m*o - a + 45, 4*o = -5*a + 45. Calculate the highest common factor of o and 10.
10
Let t(g) = -g**3 + 7*g**2 - 4*g - 4. Let h be (-4)/(-10) + (-56)/(-10). Let b be t(h). Calculate the greatest common divisor of 4 and b.
4
Suppose -108 - 81 = -3*z. Suppose 0 = 5*y - 10, -3*p - 5*y + 44 = 13. What is the highest common divisor of p and z?
7
Let j(z) be the first derivative of -z**2/2 + 16*z - 1. Let q be j(11). Suppose q*x + 5 = 55. What is the greatest common divisor of x and 5?
5
Let r(x) = 2*x**3 + 4*x**2 - x - 3. Let o be r(3). Calculate the greatest common factor of o and 273.
21
Suppose q = 3*k + 31, 94*q - 98*q + 164 = -4*k. What is the greatest common factor of 759 and q?
23
Let m(y) = 236*y + 19. Let g be m(8). Suppose -g = -12*h - 191. What is the highest common factor of h and 13?
13
Suppose 0 = 3*l + 11 - 35. Let u be (-4)/l*(-2112)/3. Calculate the greatest common divisor of 32 and u.
32
Suppose 3*p - 45 = -0*p. Let v be (p/(-20))/(2/(-120)). Suppose 0 = 11*z + 11*z - 198. Calculate the highest common factor of z and v.
9
Let u(z) = z**3 + z + 104. Let b be u(0). Suppose -7*v - 117 = 93. Let w be (26/(-5))/(12/v). Calculate the greatest common divisor of w and b.
13
Suppose 0*y - b = -2*y + 10, -4*b = 2*y - 10. Let v be y - 1 - (7 + -5). Let q be (-130)/10*(-6)/v. What is the greatest common factor of 13 and q?
13
Suppose 0 = o - 1 - 1. Suppose o*q + 75 = -3*a, q + q + 2*a = -76. Let l = -1 - q. Calculate the greatest common divisor of 57 and l.
19
Suppose 0 = 9*v - 281 + 137. Calculate the greatest common factor of 4272 and v.
16
Let d = -1610 + 1628. Calculate the greatest common factor of 1251 and d.
9
Let k(d) = -7*d - 39. Let z(s) = 3*s + 19. Let l(c) = 4*k(c) + 9*z(c). Let a be l(9). Calculate th